ded by 572?
463
What is the remainder when 168169 is divided by 291?
262
Calculate the remainder when 202071 is divided by 754.
753
Calculate the remainder when 19775 is divided by 494.
15
What is the remainder when 1919 is divided by 744?
431
Calculate the remainder when 4087 is divided by 605.
457
Calculate the remainder when 1589 is divided by 261.
23
Calculate the remainder when 16128 is divided by 100.
28
What is the remainder when 6246164 is divided by 83?
82
Calculate the remainder when 638384 is divided by 159.
158
Calculate the remainder when 7308 is divided by 187.
15
What is the remainder when 9163 is divided by 79?
78
Calculate the remainder when 61615 is divided by 30803.
9
Calculate the remainder when 1414 is divided by 778.
636
Calculate the remainder when 5038 is divided by 2514.
10
What is the remainder when 74345 is divided by 2064?
41
What is the remainder when 499868 is divided by 508?
504
Calculate the remainder when 12610 is divided by 2096.
34
What is the remainder when 51518 is divided by 1171?
1165
Calculate the remainder when 489883 is divided by 28.
23
What is the remainder when 99993 is divided by 25?
18
Calculate the remainder when 2973 is divided by 994.
985
What is the remainder when 62845 is divided by 10472?
13
Calculate the remainder when 13410 is divided by 638.
12
Calculate the remainder when 252 is divided by 12.
0
Calculate the remainder when 52731 is divided by 13065.
471
Calculate the remainder when 5741 is divided by 2786.
169
What is the remainder when 67 is divided by 40?
27
What is the remainder when 355162 is divided by 602?
584
What is the remainder when 41895 is divided by 41876?
19
What is the remainder when 145896 is divided by 1226?
2
What is the remainder when 33050 is divided by 44?
6
Calculate the remainder when 147741 is divided by 859.
852
Calculate the remainder when 6304 is divided by 22.
12
What is the remainder when 270869 is divided by 14?
11
Calculate the remainder when 2503 is divided by 621.
19
What is the remainder when 8122 is divided by 153?
13
Calculate the remainder when 3594 is divided by 3582.
12
Calculate the remainder when 5328 is divided by 2638.
52
What is the remainder when 340237 is divided by 20?
17
What is the remainder when 66350 is divided by 8287?
54
Calculate the remainder when 42747 is divided by 5307.
291
What is the remainder when 1793192 is divided by 448298?
0
Calculate the remainder when 629 is divided by 436.
193
Calculate the remainder when 152981 is divided by 15298.
1
What is the remainder when 112585 is divided by 18763?
7
What is the remainder when 3998 is divided by 3806?
192
What is the remainder when 3844 is divided by 949?
48
What is the remainder when 1489 is divided by 114?
7
Calculate the remainder when 12514 is divided by 57.
31
What is the remainder when 1175 is divided by 172?
143
What is the remainder when 21258 is divided by 10604?
50
Calculate the remainder when 9412 is divided by 4647.
118
Calculate the remainder when 433 is divided by 62.
61
What is the remainder when 92506 is divided by 23126?
2
What is the remainder when 19732 is divided by 25?
7
What is the remainder when 3494 is divided by 478?
148
Calculate the remainder when 62487 is divided by 5206.
15
Calculate the remainder when 3721 is divided by 14.
11
What is the remainder when 235716 is divided by 332?
328
Calculate the remainder when 41411 is divided by 225.
11
Calculate the remainder when 215202 is divided by 43039.
7
What is the remainder when 10500 is divided by 101?
97
What is the remainder when 23448 is divided by 1970?
1778
Calculate the remainder when 2153280 is divided by 359.
357
Calculate the remainder when 1885 is divided by 549.
238
What is the remainder when 30869 is divided by 315?
314
What is the remainder when 81244 is divided by 16246?
14
Calculate the remainder when 35227 is divided by 789.
511
What is the remainder when 165 is divided by 79?
7
What is the remainder when 15516 is divided by 187?
182
Calculate the remainder when 39705 is divided by 18.
15
Calculate the remainder when 7183 is divided by 7181.
2
What is the remainder when 3986 is divided by 438?
44
Calculate the remainder when 1230008 is divided by 1200.
8
What is the remainder when 2049 is divided by 67?
39
Calculate the remainder when 4247 is divided by 2032.
183
Calculate the remainder when 22826 is divided by 28.
6
Calculate the remainder when 12027 is divided by 368.
251
What is the remainder when 12251 is divided by 759?
107
Calculate the remainder when 986876 is divided by 29.
6
Calculate the remainder when 2228 is divided by 1095.
38
What is the remainder when 6003 is divided by 335?
308
Calculate the remainder when 34503 is divided by 367.
5
What is the remainder when 6138 is divided by 305?
38
What is the remainder when 135120 is divided by 315?
300
Calculate the remainder when 78491 is divided by 2609.
221
Calculate the remainder when 45576 is divided by 1424.
8
What is the remainder when 25267 is divided by 72?
67
What is the remainder when 29930 is divided by 44?
10
What is the remainder when 24085 is divided by 2407?
15
Calculate the remainder when 10043 is divided by 5013.
17
What is the remainder when 735622 is divided by 105087?
13
Calculate the remainder when 4885 is divided by 391.
193
Calculate the remainder when 28976 is divided by 5.
1
What is the remainder when 1807469 is divided by 171?
170
What is the remainder when 556077 is divided by 55?
27
What is the remainder when 3992 is divided by 182?
170
What is the remainder when 511287 is divided by 44?
7
What is the remainder when 1393 is divided by 567?
259
Calculate the remainder when 17243 is divided by 112.
107
What is the remainder when 67348 is divided by 309?
295
What is the remainder when 88 is divided by 27?
7
What is the remainder when 591319 is divided by 302?
3
What is the remainder when 297180 is divided by 477?
9
What is the remainder when 78474 is divided by 304?
42
Calculate the remainder when 151495 is divided by 151487.
8
What is the remainder when 5753 is divided by 13?
7
What is the remainder when 73692 is divided by 26?
8
Calculate the remainder when 14335 is divided by 92.
75
Calculate the remainder when 18967 is divided by 227.
126
Calculate the remainder when 186157 is divided by 15513.
1
What is the remainder when 32381 is divided by 6?
5
What is the remainder when 83764 is divided by 46?
44
Calculate the remainder when 744 is divided by 169.
68
What is the remainder when 9747 is divided by 1088?
1043
What is the remainder when 21151 is divided by 21150?
1
What is the remainder when 2698628 is divided by 1013?
1009
What is the remainder when 2875 is divided by 178?
27
What is the remainder when 93657 is divided by 2838?
3
Calculate the remainder when 7139 is divided by 19.
14
What is the remainder when 40255 is divided by 6706?
19
Calculate the remainder when 35712 is divided by 2976.
0
What is the remainder when 4269 is divided by 1493?
1283
Calculate the remainder when 439601 is divided by 19.
17
Calculate the remainder when 3976 is divided by 133.
119
Calculate the remainder when 3994 is divided by 1959.
76
Calculate the remainder when 132159 is divided by 12012.
27
What is the remainder when 37482 is divided by 25?
7
Calculate the remainder when 26022 is divided by 6.
0
Calculate the remainder when 65003 is divided by 24.
11
Calculate the remainder when 285 is divided by 143.
142
Calculate the remainder when 2641 is divided by 2623.
18
What is the remainder when 711056 is divided by 79006?
2
What is the remainder when 105696 is divided by 11?
8
Calculate the remainder when 29146 is divided by 67.
1
What is the remainder when 827 is divided by 14?
1
What is the remainder when 46689 is divided by 331?
18
Calculate the remainder when 2940 is divided by 685.
200
Calculate the remainder when 21452 is divided by 1340.
12
What is the remainder when 97602 is divided by 1190?
22
Calculate the remainder when 3197 is divided by 112.
61
What is the remainder when 5122 is divided by 131?
13
What is the remainder when 2992 is divided by 175?
17
What is the remainder when 1404 is divided by 640?
124
Calculate the remainder when 24697 is divided by 550.
497
Calculate the remainder when 887703 is divided